+ 21)
18
(14 + -5 + -2 - (14 - -1)) + -2
-10
What is (0 - 2) + 23 + -7 + (0 - 0)?
14
-6 + (-5 - -13) + -13 + 13
2
Calculate -23 + 8 + (7 - -2) - -13.
7
-2 + 2 - 7 - 7
-14
What is 18 - (6 + (8 - -7))?
-3
Evaluate (95 - 88) + (-3 - -6) + 19.
29
Calculate -98 + 177 + -49 + 3.
33
Calculate 428 - 408 - (2 + 43).
-25
What is -8 - (-37 - (-11 - 37))?
-19
12 + (62 - 55) + (2 - 15)
6
Calculate -912 + 882 + 2 + 37.
9
What is the value of (19 - 1) + (-15 + 27 - 7 - 3)?
20
Evaluate (-90 - -26 - -32) + 5.
-27
-7 - (102 + -80 + (-11 - 2))
-16
31 + (13 - ((14 - 11) + 15))
26
Calculate -20 + -8 - -37 - (-1 + 12).
-2
What is the value of 6 - (-5 - -7) - 18 - (-6 + 7)?
-15
What is the value of 12 + (-6 + 7 + 7 - 1) - -5?
24
What is (-13 - 4) + 9 + 8?
0
Calculate -16 - (-2 + (-4 - -1)) - -7.
-4
Calculate -10 - (18 - (50 - 16)).
6
What is -5 + 11 - (40 + -10) - 10?
-34
What is the value of 2 + (-1 - -1) + (-6 - (-18 + 14))?
0
What is the value of -4 - 1 - (7 - (13 - (-22 + 10)))?
13
What is the value of (7 - 1 - 1) + -172 + 170?
3
What is (1 - (-7 - -4)) + -16?
-12
-2 + 4 + -2 + 3 + -17
-14
What is the value of (33 - 31) + (-3 - (1 + 2 + -10))?
6
What is 21 + -45 - (0 + -25)?
1
31 + (-102 - -94 - (-3 + 1))
25
Calculate -7 - ((2 - -1) + -38 + 40).
-12
Calculate 9 - (-3 - -30) - -10 - 2.
-10
What is 9 + 0 + 2 + -1 + (37 - 31)?
16
Evaluate -4 + 2 + 2 - (52 - 42).
-10
44 - (-30 + 21 - -34)
19
What is the value of -23 - ((-6 - -13) + -24)?
-6
Evaluate -6 - 1 - (14 - (8 + 2 - 0)).
-11
What is the value of -4 - (16 - (20 - 11)) - -21?
10
What is 10 - (14 - (-4 + 14))?
6
What is the value of -18 + (-5 - (-9 + -1)) - -39?
26
What is the value of -4 + 21 - (-15 + 25) - (-2 + 2)?
7
-137 + 144 - (1 - 1)
7
-6 - 1 - (-2 - -1) - (-32 + 37)
-11
Evaluate 51 + -2 + 3 + -30.
22
Evaluate 18 + (-4 - (19 - -5)).
-10
4 - (5 + -14 - 20 - -14)
19
What is the value of (13 + -2 + -2 - 2) + -6 - -9?
10
What is the value of 24 + (-4 - (-9 + (18 - 7)) - -5)?
23
Calculate -38 - 1 - (1273 + -1310).
-2
What is (-64 - -70 - 3) + 0 + (-1 - -4)?
6
What is the value of (-281 - -293) + (1 - 0)?
13
Evaluate (-28 - -4 - -14) + 24.
14
What is the value of 1 - 9 - (11 - 17)?
-2
Evaluate 2 + 1 - 2 - (-3 - (-3 + 5)).
6
Calculate 4 + (24 - (-23 - -45)).
6
What is (1 - -1 - 15) + (-90 - -90)?
-13
(-2 - 1) + (15 - 5 - (-2 - -14))
-5
Evaluate 6 + (-3 - (-1 + -6)).
10
What is the value of 27 + -14 + -14 + -13?
-14
What is the value of 7 + 21 + -24 + 12 + -3?
13
(16 - 19) + (0 - (7 + -4)) + 8
2
Calculate -8 + (15 - 12) + -2 + 8.
1
5 + (-4 - (20 - 0))
-19
Calculate 17 - (5 - -1 - 3 - -2).
12
Calculate 9 - 26 - (-1 + -14).
-2
What is -2 + -2 - -5 - 12?
-11
Calculate -34 - (-7 + (-2 - -2 - 4)).
-23
Calculate (319 - 303) + 0 + -21.
-5
What is (-3 - (9 + -10 + 5)) + -1 + 15?
7
Evaluate -21 + 12 + -6 - 0.
-15
What is 18 + (35 - (25 + 36))?
-8
What is 1 + -1 + 4 + -5 + -1 + -3?
-5
(-32 - (-30 - 3)) + 13
14
Calculate (8 - 6) + 1 - 8.
-5
Evaluate (-18 - 2) + 18 + -9 + 3.
-8
Calculate (-1 - 16) + -10 + 19 - (-11 + -11).
14
What is the value of 6 - (-2 - (1 + -8)) - 7?
-6
Evaluate -52 + 54 - (6 - (2 + 0 + -3)).
-5
Evaluate -17 - (6 - (10 - -6)).
-7
Evaluate 18 + (-8 + 5 - 8) + 6.
13
What is (1 - 10) + 0 + (-4 - (-23 + 14))?
-4
(320 - 325) + -1 + -11 + -6
-23
What is the value of -9 - (-13 - -10 - 0)?
-6
Evaluate (16 - (15 - 7)) + (-18 - 1) - -2.
-9
What is the value of 7 + 11 + 7 + -13?
12
Evaluate -10 + -1 + (-20 + -17 - -45) - -2.
-1
Calculate -22 + (-5 + 22 - 0).
-5
(2 - 17 - (-5 - 3) - -25) + -11
7
Calculate (-15 - -25) + 14 - 56.
-32
Calculate 1 - (7 + (-10 - -5)) - (5 + -11).
5
16 - 27 - (0 - 11)
0
Evaluate 100 + -100 + 0 + -4 - 2.
-6
What is the value of 16 - (11 + -14 + 22)?
-3
What is the value of (-2 + -2 - 0) + 285 + -267?
14
Calculate -9 - -6 - (-5 - (0 + -4)) - -15.
13
What is the value of 31 + -35 + (-2 - 0)?
-6
-5 - (-5 - (12 - 10)) - -11
13
13 - (-10 + -4 - (-25 + 11))
13
(12 - (15 - -10)) + 1
-12
Evaluate (1 - -39) + (1220 - 1282).
-22
What is the value of 2 + -36 - (-165 - -159) - (3 + -7)?
-24
-9 + 3 + 5 + -11 + 34
22
What is 7 - (-9 - (-15 - -5))?
6
What is 4 + (-14 - 3) + (3 - (2 + -5))?
-7
What is -2 + 5 - (33 + -42)?
12
6 + -29 + (8 - 4) + 7
-12
What is the value of 6 + -1 - (-349 + 349)?
5
What is the value of 17 - ((-7 - -10) + -11 + (-1 - -3))?
23
What is 1 - (10 + 2 + -5) - -11?
5
22 + (9 + 19 - 43)
7
What is (-5 - (9 + (-12 - 7))) + -1?
4
-25 + 7 + (-5 - -36)
13
What is -12 + (-5 - ((-18 - -15) + -15))?
1
Calculate 2 - (-2 + 0) - (-1 + 15 - 0).
-10
Calculate -40 + 44 - (-4 + (0 - (-4 + -7))).
-3
Evaluate (-30 - -50) + -28 + 4 + -1.
-5
Evaluate 5 - (2 - (-12 + -7 + (20 - 4))).
0
Evaluate (2 + 8 - (-2 + 3 + 3)) + -2.
4
What is the value of 5 - -19 - (80 + -83)?
27
What is the value of -25 - (12 + -8 - 28)?
-1
Calculate -23 + -1 + 0 + 38.
14
12 + (-14 - -1) + 12
11
What is the value of -27 + 23 + 12 + 38 - (1 - -5)?
40
Calculate -17 + -17 + 47 + -16.
-3
(-4 - -5) + -1 + (-49 - -45)
-4
What is -5 + -8 - -10 - (-1 + 2 + 2)?
-6
What is (-8 - -9) + (0 - 17)?
-16
Evaluate (-14 - (1 - 3)) + 34.
22
Evaluate 0 - 2 - ((-2 - (-8 - 6)) + -10).
-4
What is the value of 1 + -5 + 6 + -4 + -27 + 22?
-7
What is the value of 1 - (83 + -84 + 3 + (-1 - -1))?
-1
What is the value of (1 - 5) + (218 - 211)?
3
Evaluate (-9 - -12) + 2 + 1 + 1 + -6.
1
-2 - (-34 + 33 - (-1 - -2))
0
What is -7 - (-15 - (-10 + 1 + 5 + 0))?
4
What is (20 - 1) + (-8 - (-7 + 7 + -1))?
12
Evaluate (174 - 188) + (-2 - -1).
-15
What is 1 + -1 - (-16 + 0 + (187 - 169))?
-2
Calculate (-12 + -2 + 3 - -12) + 0 + -6.
-5
What is the value of (-23 - -19) + 20 + -34?
-18
What is the value of -6 + -5 + (10 - (2 - 6))?
3
What is 2 + 19 - ((-5 - -32) + -17) - 22?
-11
What is (145 - 139) + (-10 - 1)?
-5
-7 + (9 - 16) - (-9 - -22)
-27
Calculate 12 - (-49 - -41 - (4 - 1)).
23
What is -9 + 8 + 11 + (12 - 20) + -7?
-5
What is 33 - 37 - (4 + -4 + -12)?
8
Evaluate 78 + 51 + -132 - (1 - -8).
-12
What is -54 - (-65 - 24) - (3 + -1)?
33
(3 - (9 + -7)) + -4 + 4
1
Evaluate (-3 - -4 - -3) + 0 - (13 - 4).
-5
Calculate 3 - -5 - (2 + 0) - (-79 - -88).
-3
Evaluate -3 + -18 + 10 + 3.
-8
191 - 178 - (-1 + (-2 - 4))
20
What is the value of 8 + (24 + -20 - 11)?
1
What is (-6 - -9) + 0 + 1 - -8?
12
Evaluate 15 + -15 - (-1 - -11) - (35 - 43).
-2
-4 - (-9 - ((0 - 2) + -4 - 1))
-2
Calculate (-13 - -5) + (5 - -4).
1
What is the value of 11 + 3 - (40 - (1 + -12))?
-37
What is the value of 0 + (1 - (0 - -1)) - (-676 - -648)?
28
Calculate -5 - 20 - -26 - (1 + 3).
-3
What is the value of -15 + 39 + 12 + -13?
23
Evaluate (36 - 14) + -12 + -4.
6
20 - (-5 + (-11 - -9) + 13)
14
Calculate 7 - ((-1 + -6 - (-70 + 65)) + 7).
2
Calculate 15 + -44 + 20 - (-2 - -2).
-9
-14 + 18 - ((3 - (-5 - -7)) + 3)
0
-2 - (3 + (-16 - -4) + 10)
-3
What is the value of 9 + 6 - (-19 - -47)?
-13
What is 7 - (1 + 14 + -15)?
7
-43 + 47 - (-5 + 25 + -7)
-9
What is the value of -11 + 50 - (13 + -3)?
29
What is the value of -3 + (3 - 11) + -4?
-15
(-12 - -1 - (-6 - -39 - 6)) + 11
-27
What is -9 - (0 + 8) - -33?
16
4 - (8 - 11) - 12
-5
What is the value of (-25 - (-15 - 0)) + -12?
-22
Calculate 8 + ((0 - (-4 + 4)) + -12 - 0).
-4
What is the value of -7 - -8 - (12 + -26) - (0 - -5)?
10
Evaluate 2 + -1 + -13 + 2.
-10
Evaluate 4 + -7 + (-9 - -3).
-9
What is the value of 10 - 7 - 1 - (-6 + 12)?
-4
Evaluate 1 + 3 + 7 + -2 + 0.
9
What is the value of -1 + -2 - (-8 + 2)?
3
37 - 0 - (2 + -30 - (-104 + 79))
40
What is (10 - (-9 + 28 + -3)) + (1 - -14)?
9
8 + 7 + (1 - 37)
-21
What is (-274 - -248) + (3 - (-2 + -3))?
-18
18 - -26 - 40 - (-5 + -4)
13
Calculate (-4 + (-1 - -3) - (253 - 249)) + 10.
4
Evaluate 122 + -126 + 4 + -1.
-1
Calculate 40 - 39 - (-7 + -11 + -1).
20
Calculate -396 - -404 - (6 + -4 + 2).
4
What is the value of -6 + (6 + -1 - (-1 - -1))?
-1
What is the value of (-11 - (10 - 34)) + -4 - (2 + -2)?
9
What is 67 + -68 + (3 - -9)?
11
What is -1 + -5 + (-7 + -3 - -15)?
-1
What is the value of 0 - 9 - (27 - (14 - -28))?
6
Evaluate -45 + 55 + (-2 - -6).
14
(-202 - -217) + (0 - 2)
13
What is -3 + (-3 + 5 - 8) + -3 + 1?
-11
Calculate -60 - -62 - (2 - -1) - -6.
5
What is the value of 11 + -8 + (5 - 6)?
2
What is (-12 - -4) + (4 - -17)?
13
Calculate 10 - (-23 + 4 + 11).
18
5 + (-3 - -10) + -33 + -6
-27
Calculate (12 - 1) + 